919)/133 - 1082/(-7). What is the greatest common factor of q and 35?
5
Let b = -119 + 127. Suppose -b*w + w + 119 = 0. Calculate the highest common factor of 289 and w.
17
Let t be (-150645)/(-110) + 2/4 + (-2)/1. What is the highest common factor of 216 and t?
72
Let t = 2805 + -2788. Suppose -5*d + 20 = 0, 2*d = -3*y - 3*d + 74. Let l = y - t. What is the greatest common factor of 8 and l?
1
Suppose -5*y - 7*c = -8*c - 4672, y + 4*c - 926 = 0. Suppose 0 = 12*z - 122 - y. What is the highest common divisor of z and 11?
11
Let a = 11087 - 10458. Calculate the greatest common factor of a and 999.
37
Suppose -3*g + 12 = -2*g. Let q be (-2 - (3 + -1))*18 - 2. Let l = -71 - q. Calculate the greatest common divisor of g and l.
3
Let y(z) be the third derivative of z**4/24 + z**3/6 - 8*z**2. Let u be y(1). Let b = u + 14. What is the greatest common factor of b and 32?
16
Let x(s) = -s**2 + 48*s - 91. Let a be x(46). What is the greatest common factor of 169 and a?
1
Suppose 5*k + 107 - 182 = 0. What is the highest common divisor of k and 219?
3
Suppose h - 3*b - 25 = -b, -74 = -2*h - 2*b. Let u(y) = y**3 - 59*y**2 + 273*y - 151. Let a be u(54). What is the greatest common divisor of h and a?
11
Let l(t) be the third derivative of t**5/60 - 11*t**4/12 + 16*t**3/3 + 23*t**2. Let g be l(17). Let u = 42 - g. What is the greatest common divisor of u and 19?
19
Suppose -2*o - 2*u + 4*u = 1330, -2*u = 2*o + 1338. Let v = o - -819. What is the greatest common divisor of 684 and v?
76
Let r be 0 + (-173)/(-4) + (-3)/(-4). Suppose 247 = 9*b - 248. What is the highest common factor of b and r?
11
Let b be (125 + 9)/((-12)/7 + 2). Suppose 0 = -4*t - 3 - 1, 4*m - t = b. What is the greatest common divisor of m and 18?
9
Let y be ((-4)/(-8))/(2 - 7/4). Suppose 6*n = 2*n + 200. Calculate the greatest common factor of y and n.
2
Suppose 3*p - 4 = 8. Let m(n) = -n**2 + 6*n + 7. Suppose 14*c - 9*c = 25. Let b be m(c). Calculate the greatest common divisor of p and b.
4
Suppose -5*m - 2*a = -6*a - 70, 2*a + 10 = 0. Let f = 28 + -15. Suppose -133 = -m*r - f. Calculate the highest common divisor of r and 3.
3
Suppose 342 = 9*s - 6*s. Let r(f) = -f**3 + 19*f**2 - 19*f - 24. Let i be r(18). Let h = i + s. Calculate the highest common factor of 8 and h.
8
Let l be 27/30*13/(-117) + (-111)/(-10). Calculate the highest common divisor of 35189 and l.
11
Suppose 0 = -37*w + 10*w + 24840. What is the greatest common divisor of 80 and w?
40
Suppose 82*x - 757 = 1375. Calculate the greatest common factor of 4394 and x.
26
Suppose 394*x - 36274 = 77198. Calculate the highest common factor of x and 603.
9
Let w = 485 + -302. Suppose -2*g + 69 + w = 0. What is the highest common divisor of 98 and g?
14
Let q be (6/(-10))/(132/(-7480)). Let v(u) = u**2 + 3*u + 2. Let z be v(-2). Let p be -1*(1 - z)*-17. What is the greatest common divisor of p and q?
17
Suppose 0 = 21*q - 17*q - 64. Let i be 14/3 + q/(-24). Suppose -4*p - 27 + 7 = -2*m, -5*m - 2*p + 14 = 0. Calculate the highest common factor of m and i.
4
Let v = -8502 + 10416. Calculate the greatest common factor of v and 55.
11
Let a be -1*(-4)/6*(-17 - -14). Let z be 40*9/162 - a/(-9). Suppose -4*q + 4*j + 28 = 0, -5 = -q + z*j + 6. Calculate the greatest common divisor of q and 4.
1
Let c be 4112/14 + (36/(-42))/(-3). Suppose 42 = 44*f - 43*f. Calculate the highest common factor of f and c.
42
Suppose -3*s = -5*s - x + 37, 2*x = -2*s + 32. Suppose i - s = -b, -4 = -0*i + i - 4*b. Calculate the highest common factor of i and 2.
2
Let a(t) = 11*t + 2*t**3 - 3 - 31*t + 11. Let b be a(4). What is the highest common divisor of b and 12?
4
Suppose -49*f = -46*f - 3. Let g be (-20)/20 + f/1. Let v be (g + 3 - 40)/(-1). What is the greatest common factor of v and 185?
37
Suppose 647*c - 603*c = 2640. What is the highest common divisor of 7500 and c?
60
Let a = 133 - 94. Suppose -2*u - 1 = -7. Suppose -38 = u*x - 5*x + 4*j, 0 = -5*x - j + 62. Calculate the highest common factor of a and x.
13
Suppose -4*o = -47 - 157. Suppose 0 = 41*u - 75*u + 44*u - 1190. What is the highest common factor of o and u?
17
Suppose 5*c + 4*q + 4 = 3*c, 5*c = -5*q. Let i be -6*c/4*-5. Calculate the highest common factor of 375 and i.
15
Let k = 81159 - 81143. Let z(t) = -6*t - 6. Let h(a) = -2*a**2 - 3*a - 3. Let r be h(-2). Let i be z(r). What is the greatest common divisor of k and i?
8
Let h be ((-1136)/(-7))/(22/77). Let g be (-52)/(-286) - h/(-22). What is the greatest common divisor of g and 26?
26
Suppose 0 = 180*i - 173*i - 14. Let d be (-1)/(52/(-16) + 3). Let t = d - 3. What is the greatest common divisor of i and t?
1
Let b(r) = -59*r - 1449. Let a be b(-25). What is the greatest common factor of 3627 and a?
13
Suppose -254 = 4*p + 322. Let c = -67 - p. Calculate the highest common divisor of c and 7.
7
Let q(z) = -154*z + 11. Let p be q(-1). Suppose 4*h + 3*h - 210 = 0. Calculate the greatest common factor of h and p.
15
Suppose 166672 + 71148 = 230*g. What is the greatest common divisor of g and 154?
22
Let t be (-1 - 12/4) + 10. Suppose -h + 21 = 4*n + t, -5*n + 4*h + 3 = 0. Suppose 0 = -n*d + 14 + 25. What is the greatest common divisor of 78 and d?
13
Let p be (-3)/2*(-21 - -3). Suppose 2*h - 67 = -p. Calculate the greatest common divisor of h and 4.
4
Let c(f) = f + 114. Let j be c(40). Suppose -w = -2*w + j. Calculate the highest common divisor of w and 14.
14
Let h = 1216 - 1208. Let f = -141 - -245. Calculate the highest common factor of f and h.
8
Let k be (-84)/5*29/(348/(-30)). Calculate the highest common divisor of k and 12.
6
Suppose -3*c + 16 + 5 = 0. Suppose 2 = 10*x + 122. Let k be (x/15 + -2)*-5. Calculate the highest common factor of c and k.
7
Suppose -2*o + 1692*x + 798 = 1691*x, -800 = -2*o + 2*x. Calculate the highest common factor of 10 and o.
2
Let a(z) = 2*z**2 + 11*z + 23. Let d be a(-11). Suppose 0 = -3*x - 2*w + 710, 17*x - 13*x - 2*w - 970 = 0. What is the greatest common factor of x and d?
48
Let q be 18 + 12*((-3)/(-3))/(-3). Let l(g) = 52*g - 12. Let s be l(4). What is the highest common divisor of s and q?
14
Suppose -17*v - 246 = -14*v. Let n = -73 - v. Calculate the greatest common factor of n and 153.
9
Let j = 19036 + -18996. Let a(c) = -c**2 + 10*c - 11. Let b be a(8). Calculate the greatest common divisor of b and j.
5
Suppose -2409 + 457 = -4*r. Let j be 8/(-280)*14*(610/(-4) - 0). What is the highest common factor of r and j?
61
Let y be (-2)/(-12)*(3 + -9). Let v be (-54 - -53)/(y/147). What is the greatest common divisor of v and 168?
21
Let h(o) = -6*o**3 + 2*o**2 + 14*o + 12. Let t be h(-5). Let c = t + -85. Calculate the highest common divisor of 73 and c.
73
Let p(r) = 124*r - 245. Let a be p(2). Suppose c - 510 = -5*f, -c = -5*f + a*c + 510. Let b = 7 - -44. What is the highest common factor of b and f?
51
Suppose 0 = 45*s - 36*s - 675. What is the highest common divisor of 800 and s?
25
Let d = 288 - 171. Let m(a) = a**3 - 12*a**2 - 2*a - 351. Let i be m(14). Calculate the greatest common divisor of d and i.
13
Suppose 0 = -29*m + 8873 - 1449. Suppose -w + m = 199. What is the highest common divisor of w and 228?
57
Let d = 4336 + -4186. Suppose 6*b - 180 = -2*k + b, -4*b = k - 90. Calculate the highest common factor of k and d.
30
Let q be 1*(-2)/(4/(-26)). Suppose 9*r - 2*r = -182. Let l be (45 - -10)*r/(-10). Calculate the highest common divisor of l and q.
13
Suppose 708 + 28 = 4*b. Suppose -4*s + b = -0*s. Let t = -45 + s. What is the highest common factor of t and 7?
1
Let j(v) = v**3 - 21*v**2 - 12*v - 192. Let u be j(22). Suppose 3*m + 0*m + 335 = 5*k, 0 = 3*m - 15. What is the highest common factor of u and k?
14
Let m = -1497 + 2177. Let p = -661 + m. What is the highest common factor of 4 and p?
1
Suppose i - 1659 = 3*x - 1699, 0 = -8*x - 5*i + 145. Let c be (-4)/2 + (23 - 0). Calculate the highest common factor of c and x.
3
Let d(r) = 172*r**2 - 2. Let u(p) = 2*p**2 + 9*p - 33. Let k be u(-7). Let m be d(k). What is the greatest common factor of 14 and m?
14
Let g be ((320/(-128))/((-10)/(-3)))/((-2)/48). What is the highest common factor of 1341 and g?
9
Suppose x - 8*u = -13*u + 867, -2*x - 4*u + 1716 = 0. Suppose 5*g - 224 = -2*s + 622, -5*g = 4*s - x. Calculate the highest 